 + -4 + (1 - 0)
-4
Evaluate -21 + 25 - (-1 - -7).
-2
Calculate 6 + 7 - 6 - 11.
-4
Evaluate -4 + 1 + -1 + 18 + -6.
8
What is 2 + -1 + 0 + -2?
-1
What is the value of (3 - (2 - -5 - 12)) + -4?
4
Calculate -3 + 6 + (-8 - -4).
-1
Calculate 1 + 1 + (3 - (11 + -3)).
-3
Evaluate -27 + 32 - (-2 - -9).
-2
Evaluate 2 - (7 - (1 + 3) - 4).
3
15 + (8 - 15) + 0
8
Calculate -7 - (-1 - 3) - 2.
-5
8 + (0 - 0) - 6
2
What is 32 + -38 + (1 - (1 + -3))?
-3
Evaluate -2 - -7 - 1 - (0 - -1).
3
-2 + 4 + -8 + (-4 - -9)
-1
What is the value of -1 + -5 + 1 - (143 - 147)?
-1
Evaluate -7 + 6 + -4 - (2 + -5).
-2
What is (4 - 4) + 1 + -4 + 0?
-3
Calculate 15 + -2 + -7 - 11 - 1.
-6
What is the value of -2 + 0 + -5 + 11?
4
Calculate -4 + -4 + -9 + 16.
-1
Calculate 32 + -39 - (3 - 1 - 2).
-7
What is -6 - (3 + 2 + -9)?
-2
Evaluate (0 - 1) + 0 + 35 + -35.
-1
Calculate (3 - 0) + (-13 - -19 - 11).
-2
(-67 - -73) + (1 - 8) + 1
0
What is the value of -1 - -10 - 8 - -4?
5
What is -1 - 0 - (-5 - (-7 + 2))?
-1
19 - 26 - (-11 - 0)
4
What is (-3 - -1) + (0 + -1 - -10)?
7
What is -3 - (5 + -11 + 8)?
-5
What is the value of (3 + 0 - 10) + 7?
0
(-5 + 4 + 3 - 5) + 2
-1
Evaluate (4 - (2 + -1)) + 4 + -12.
-5
0 + 2 - (-2 + 17 - 14)
1
-3 + 7 + -15 - -8
-3
Calculate (1 - -4) + -2 + 0.
3
What is the value of 0 + 0 + (-8 - (-7 + 1))?
-2
Calculate (13 - (-3 - -12)) + -10.
-6
-11 + (-9 - -19) + -3
-4
Calculate (-10 - (-7 - 1)) + 1.
-1
Evaluate (2 - (1 - 0)) + (1 - 3).
-1
What is -2 - ((-2 - 6) + 13 - 1)?
-6
What is (-3 - 1 - -4) + 3?
3
What is -1 + (-6 + -1 - -6)?
-2
Calculate (10 - 7) + (1 - 0).
4
4 + (-2 + -6 - -1)
-3
(0 - (0 + 3)) + 0
-3
What is the value of -1 + ((0 - -1) + 1 - 2)?
-1
What is the value of (6 - 4) + (-1 - (1 - 3))?
3
What is -14 + (15 - 6 - 5)?
-10
What is -11 + 2 + -2 + 8?
-3
6 + (7 - (21 + -5))
-3
Calculate (37 - 37) + 2 + (-3 - -2).
1
8 - (7 + 3 + 3)
-5
What is the value of (8 - 5) + -7 + 5?
1
Evaluate (-2 - (-2 + 1)) + 4 + -6.
-3
Calculate (6 - 9) + 3 + 1 + -2.
-1
5 + 0 + 0 + 0
5
-168 - -162 - (-12 - (-1 + 0))
5
15 - 17 - -14 - 4
8
-3 + (5 - (0 + (3 - 4)))
3
What is 13 + -12 + (5 - 1)?
5
What is -17 - (5 + -21 + 5 + 4)?
-10
What is the value of -7 + (2 - 3) + (-3 - -6)?
-5
Calculate 2 + 2 - (6 + -3 + 2).
-1
What is the value of (-2 - (-2 - -10)) + (-95 - -99)?
-6
Evaluate (-10 + 0 - (-13 - -8)) + 9.
4
(0 - (1 + 3)) + -3 + 0
-7
Calculate -4 - -6 - ((10 - 2) + -2).
-4
What is the value of (-128 - -135) + (0 - 13)?
-6
Calculate 7 - (7 + -9 + 5).
4
Evaluate -4 + (0 + -5 - -8).
-1
Evaluate (-8 + 4 - 0) + 2.
-2
What is 0 + -1 + -7 + 11?
3
Evaluate -4 + 11 - 2 - 10.
-5
What is (-19 - -24 - (4 - 2)) + -6?
-3
(2 - 8) + (-5 - -9)
-2
What is (9 - 3 - -1) + -12?
-5
1 + -6 - (-16 + 10)
1
What is -3 + -1 + 0 + 3?
-1
2 + 12 + (-11 - -1)
4
Evaluate 2 + (6 - (3 - 1)).
6
Evaluate 1 - (0 + (3 - 1 - 4)).
3
What is the value of -1 + 2 + 13 + -10 - 9?
-5
Evaluate 5 - (1 - -5 - 6).
5
What is the value of (5 - 3) + 0 + 0 + 2?
4
Calculate -7 - (1 + -3) - -7 - -5.
7
What is the value of (-2 - -2) + 1 + 7 + -15?
-7
What is the value of -5 + -2 + (-4 - -10)?
-1
What is the value of -3 + (27 - 10) + -11?
3
Calculate (-33 - -28) + 9 + 1.
5
Evaluate -11 - (0 - (-4 + 13)).
-2
What is 7 + -9 + 1 + -8 + 9?
0
What is the value of (34 - 38) + (-3 + 6 - 7)?
-8
Calculate -8 - (-13 - (-6 - -8)).
7
Evaluate (-2 - 1) + (-15 - -17).
-1
Calculate (-1 - 3) + -4 + 11 - 5.
-2
Evaluate -3 - (-8 - (-3 + (-2 - -6))).
6
Evaluate 4 - ((4 - 1) + 1) - 5.
-5
What is the value of 6 - 2 - (-11 - -12)?
3
What is 1 - (2 + (0 - 4) + 1)?
2
Calculate -8 + 6 + 3 + 2.
3
(-1 - -6) + -5 - 2 - -3
1
-3 + 0 + 4 - (-1 - 1)
3
Evaluate 12 + -9 + (2 - 4 - 3).
-2
What is (-3 - -2 - -3) + -3?
-1
16 + -18 + (0 - 0 - -1)
-1
(20 - (9 + 3)) + -8
0
Evaluate 1 + -6 + 0 + 4 + -1.
-2
Calculate -8 - (-8 + 13 + -7 + 1).
-7
Calculate 1 - (-3 + (-9 - -8)).
5
Calculate -6 + (-7 + 7 - -11).
5
Calculate (-4 - 1) + 1 + 0.
-4
(-2 - 0) + (6 - 4)
0
Evaluate -6 + (-5 - -9) - -5.
3
Calculate 2 - (-5 - -1) - 5.
1
Evaluate -2 + (-1 - -6) + -9 + 0.
-6
(-7 - 0 - -1) + 1 + 5
0
What is the value of -4 + (8 - 6 - (0 + 0))?
-2
Calculate (1 - 6 - -16) + (-2 - 4).
5
What is 1 + (-13 - -6) + 0 - -9?
3
Evaluate 9 - (9 + -16 - -14).
2
Evaluate 0 - (0 + (-4 - -2)).
2
Calculate -2 + 4 - (22 - (19 + 4)).
3
Evaluate -8 - (-4 + -8) - -3.
7
Evaluate 2 + -7 - (-2 - -2).
-5
Calculate 0 + -2 + (10 - (11 - 4)).
1
What is 2 - ((0 - -4) + (68 - 69))?
-1
3 - (4 - -1) - -4
2
-1 - (-2 - (-4 - (0 + 1)))
-4
What is the value of -2 + -3 + 0 + 7 + 1?
3
6 + -17 + 11 - -3
3
47 - 50 - (-3 - -2 - -8)
-10
Evaluate -3 - ((-4 + 9 - 1) + -5).
-2
Calculate 2 + (3 - 5 - 5) - -2.
-3
Evaluate -4 + 0 + -6 + 14 + -5.
-1
What is the value of (8 - (-3 + 6)) + 2 + -8?
-1
1 + 0 + 5 + -5 - -4
5
What is 10 - (9 - 15 - -9)?
7
What is 0 - 0 - (13 - 11)?
-2
Calculate (3 - (-3 + 1)) + -8.
-3
3 - (-6 + (4 - 0))
5
10 + -8 + (12 - 6 - 1)
7
What is 6 + (-5 + 6 - 4) + 0?
3
Evaluate 3 + (-7 + 7 - 6).
-3
What is 4 + 2 - 1 - (21 - 10)?
-6
Calculate 8 - (-1 - 0) - 8.
1
Calculate 2 + 2 + -3 + -2 + 1.
0
What is the value of -21 - -18 - (-11 - -2 - -1)?
5
What is (1 - 4) + (-1 - 0) - -1?
-3
What is (-11 - -4) + (-9 - -5 - -3)?
-8
What is 1 + -3 - (-2 - 5 - 0)?
5
What is the value of -5 + (0 - (15 - 12))?
-8
Calculate -14 + 0 + -11 + 22.
-3
Calculate 13 + (-4 - (-9 - -16)).
2
Evaluate -1 - (-7 - -12) - (-8 - 3).
5
What is ((6 - 10) + 8 - 7) + 0?
-3
-9 + (-6 - -9) - -3
-3
What is the value of 7 + -3 - (36 - 26)?
-6
What is -3 - (2 - (-3 - (4 - 9)))?
-3
Evaluate (11 - -3) + (1 - 13).
2
What is the value of -1 - ((7 - 7) + -1 + 0)?
0
What is -5 + 6 - (1 + 0) - 4?
-4
Evaluate -4 + (-4 - -4) - -5.
1
-4 + (4 + 0 - 4)
-4
Evaluate -2 + (1 - -3 - -5).
7
(-11 - -12) + 0 + -6
-5
Calculate (3 - 2 - -2) + 0.
3
What is the value of -1 + 3 + -2 - 1?
-1
-15 + 3 + 8 + 0
-4
Evaluate -8 + -4 + 7 - -1.
-4
Evaluate -1 + (5 - 13) + 1 + 0.
-8
Calculate 3 - (7 + -11 - -3).
4
What is 0 - (-1 + 1 + 0) - -5?
5
What is -5 - (-1 - (-3 + 5) - -7)?
-9
What is the value of 0 - -5 - (4 + -1 + 4)?
-2
Calculate (-1 - 5) + 14 + -8.
0
Calculate 6 - ((3 - 2) + 2 + -1).
4
What is -7 + (0 - (-5 - -2) - 2)?
-6
(-3 + 9 - 7) + 6 + -2
3
Calculate 12 - (5 + 3 + 0).
4
Evaluate -28 - -27 - (-1 - 0 - -1).
-1
Calculate -1 + (-1 - -3) + 3.
4
Evaluate 3 - (0 - (2 + 2 - 8)).
-1
What is the value of 6 - ((-3 - -17) + -3)?
-5
Calculate (0 + 1 + 2 - 0) + 2.
5
What is the value of -3 - (-2 - 2 - (8 - 7))?
2
Calculate (-6 - -3) + (-5 - -5).
-3
-9 + 3 + 5 - -4
3
-2 - -3 - (2 + -2)
1
Evaluate (-7 - (5 - (6 + 0))) + 4.
-2
What is 2 + -3 + 6 + -9?
-4
-3 + -1 + 5 - (5 - 2)
-2
What is 2 + (-4 - (-3 + 5))?
-4
What is 153 + -161 - (2 + -3 - 3)?
-4
What is the value of 1 + 8 + -8 + -1?
0
-3 - 9 - (3 + -19)
4
(-4 - -8 - -10) + -10
4
What is the value of 4 + -6 - (27 - 39)?
10
What is 6 - (-4 + -8 + 16) - 5?
-3
Evaluate 2 - (3 + (3 - 2) + -5).
3
Evaluate (-3 - -6) + (0 - 0) + -1.
2
Evaluate 13 + -14 + 10 - 6.
3
Calculate 14 + (-10 - -9 - (9 + -3)).
7
7 - (-3 + 3 + 5)
2
What is (-6 - -11) + -14 - -1?
-8
What is (12 - (5 + 6)) + 6?
7
Evaluate -3 + -6 + 4 + 1 - 2.
-6
Evaluate 6 + -3 + (-8 - 4).
-9
(-4 + (-2 - -1) - -3) + 2
0
Calculate -1 + 0 - (26 - 27).
0
What is the value of 0 - -4 - (2 + 3 + -1)?
0
What is the value of -3 + -5 + -3 + 6?
-5
What is 11 + (-10 - -17) + -13?
5
Calculate 12 + -12 + -6 + -2.
-8
What is -2 + 2 - (-4 + 4 - 2)?
2
-23 + 24 - (-2 + (2 - 0))
1
6 - 3 - ((-1 - 11) + 5)
10
What is the value of 6 + -2 + (-2 - 0)?
2
What is (13 + -7 - 0) + -3?
3
1 - -1 - (43 + -42)
1
What is the value of (-7 - 0) + (40 - 32) - 4?
-3
(28 - 28) + -1 + (-2 - -2)
-1
(2 - -3) + (3 + -3 - 0)
5
Calculate -2 + 3 - (6 + -2 + -4).
1
What is (-7 + 11 - -2) + 1 + -4?
3
What is the value of -2 + 6 - (3 + -3)?
4
What is 3 + (12 - -1) + -9?
7
Evaluate (0 - 2) + -11 + 8.
-5
What is the value of 0 + 3 + 4 + -7?
0
Calculate 12 - 6 - (3 - -3).
0
What is the value of -5 - (-4 + -2 + 4)?
-3
What is the value of -19 - -12 - (-6 - (-3 - -1))?
-3
Calculate 1 - (4 + -3) - 1.
-1
What is the value of -1 + 2 + 6 - (8 - 6)?
5
What is 15 + -7 - 9 - 2 - -5?
2
Calculate 0 + -1 + 7 + 4.
10
What is -2 + 2 + (6 - -5 - 5)?
6
What is the value of 3 + (4 - 1 - 7)?
-1
-1 - (-3 + -4 + 3)
3
Calculate -8 - (-11 - -4) - 3.
-4
What is the valu